test common factor of 750216 and 22488?
24
Calculate the greatest common divisor of 5289 and 9421257.
129
Calculate the highest common divisor of 44344 and 92299.
23
Calculate the highest common divisor of 192692 and 237716.
268
Calculate the highest common divisor of 35867260 and 34320.
2860
What is the greatest common factor of 8532 and 214272?
108
What is the greatest common factor of 5084 and 85387051?
1271
Calculate the highest common divisor of 6208 and 465280288.
3104
What is the highest common factor of 684333 and 6552?
117
Calculate the greatest common divisor of 505611936 and 3456.
864
Calculate the highest common divisor of 1246616 and 938917.
791
Calculate the greatest common factor of 2627566 and 391.
23
Calculate the greatest common divisor of 8326 and 376878.
46
What is the greatest common factor of 1603 and 3773920?
229
What is the greatest common factor of 1180 and 27482450?
10
Calculate the highest common factor of 64776841 and 562561.
13721
Calculate the highest common factor of 3072055 and 10.
5
Calculate the highest common divisor of 675970599 and 58.
29
Calculate the highest common factor of 1444079 and 15925.
637
What is the greatest common factor of 114022127 and 2237?
2237
What is the greatest common divisor of 2692 and 39734?
2
Calculate the greatest common divisor of 1059457 and 6817.
17
Calculate the highest common divisor of 1596895 and 30005.
85
Calculate the greatest common factor of 13393 and 6380743.
227
What is the greatest common factor of 309 and 4002477?
309
Calculate the highest common divisor of 346 and 2288830.
2
What is the highest common factor of 733533 and 12559?
19
What is the highest common factor of 1122 and 607528218?
1122
Calculate the greatest common factor of 3831263 and 2923.
79
What is the greatest common divisor of 37525 and 9899?
19
What is the highest common divisor of 31563 and 14202849?
501
What is the greatest common factor of 75 and 13290675?
75
Calculate the greatest common factor of 13991264 and 3136.
1568
Calculate the highest common factor of 80 and 19688240.
80
What is the highest common factor of 49 and 28470813?
49
Calculate the highest common divisor of 139592515 and 12485.
1135
What is the highest common divisor of 6908970 and 279?
93
Calculate the greatest common divisor of 581 and 8899758.
581
Calculate the highest common factor of 773062095 and 390.
195
Calculate the highest common factor of 42602 and 861798.
238
What is the greatest common factor of 117 and 146727?
9
Calculate the greatest common divisor of 196345266 and 291.
291
What is the greatest common divisor of 1796960 and 48?
16
What is the highest common factor of 58640 and 758140?
20
What is the greatest common divisor of 538 and 699145257?
269
Calculate the highest common divisor of 3757204 and 3740.
748
Calculate the highest common divisor of 2268 and 20006.
14
Calculate the highest common divisor of 836 and 897332.
76
Calculate the highest common factor of 58035 and 913230.
1095
Calculate the greatest common factor of 286 and 828146.
22
Calculate the greatest common factor of 50225223 and 678.
339
Calculate the greatest common divisor of 215610 and 50070.
30
What is the highest common divisor of 11689248 and 64?
32
What is the greatest common factor of 57472 and 167424?
128
What is the greatest common divisor of 17 and 37696531?
17
What is the greatest common divisor of 190274199 and 2615?
523
Calculate the greatest common factor of 310739650 and 286.
26
What is the highest common divisor of 8975582 and 320306?
2338
What is the greatest common divisor of 4620 and 371685930?
2310
What is the highest common divisor of 80 and 373523632?
16
What is the highest common divisor of 69 and 83212413?
69
What is the greatest common divisor of 6443 and 318189?
17
Calculate the greatest common divisor of 6 and 202265328.
6
Calculate the highest common factor of 202 and 1065247.
101
Calculate the highest common factor of 3410 and 548680.
110
Calculate the highest common divisor of 208 and 228405554.
26
Calculate the greatest common divisor of 56705 and 481477.
1031
Calculate the greatest common divisor of 202100 and 4475.
25
What is the greatest common factor of 2543216 and 182?
26
What is the highest common divisor of 56710 and 227?
1
Calculate the greatest common factor of 2840 and 80240.
40
What is the highest common divisor of 3310 and 20367754?
662
Calculate the highest common divisor of 1652610323 and 182.
91
Calculate the greatest common factor of 79380 and 165277.
49
What is the greatest common divisor of 373107 and 707301?
2289
Calculate the greatest common divisor of 19685805 and 95.
95
Calculate the highest common factor of 7453 and 197633.
257
What is the greatest common divisor of 2300 and 1251940?
20
What is the highest common factor of 2664 and 220902876?
1332
What is the greatest common divisor of 45793676 and 488?
244
What is the highest common factor of 1255 and 526400965?
1255
Calculate the highest common divisor of 1157142 and 96264.
42
Calculate the highest common factor of 38164 and 78561.
203
Calculate the greatest common divisor of 65 and 4506905.
65
Calculate the greatest common divisor of 1290 and 12772290.
1290
Calculate the greatest common divisor of 385323550 and 1850.
1850
Calculate the greatest common divisor of 2335772 and 4.
4
What is the greatest common divisor of 1482741 and 17687?
23
Calculate the greatest common factor of 476037 and 1941369.
1959
Calculate the greatest common divisor of 270 and 22338882.
54
What is the highest common divisor of 684 and 181754?
38
What is the greatest common divisor of 1000000 and 126016?
64
Calculate the highest common factor of 448 and 4230576.
112
What is the greatest common divisor of 1733431746 and 474?
474
Calculate the highest common factor of 708660 and 4460.
20
Calculate the greatest common factor of 7995840 and 12280.
40
What is the highest common factor of 1560 and 35027460?
780
What is the highest common factor of 311780 and 58819?
131
What is the greatest common factor of 4466 and 17357802?
154
What is the highest common divisor of 47260600 and 608?
152
What is the highest common factor of 4 and 6576907?
1
What is the greatest common factor of 39342734 and 13688?
3422
What is the greatest common divisor of 797889 and 561291?
2517
Calculate the greatest common factor of 3371457 and 561.
51
What is the highest common factor of 24106 and 76163616?
1418
Calculate the highest common divisor of 225634348 and 6245.
1249
What is the highest common factor of 125113926 and 239415?
4353
What is the greatest common divisor of 28652 and 5156866?
494
What is the greatest common factor of 181 and 45443127?
181
Calculate the greatest common divisor of 494460 and 290445.
1005
Calculate the greatest common divisor of 2148666 and 12506.
338
What is the greatest common factor of 16963907 and 158?
79
What is the highest common factor of 16875 and 37818000?
1125
Calculate the greatest common factor of 195 and 1278771390.
195
Calculate the greatest common divisor of 98973 and 8789745.
4713
Calculate the greatest common divisor of 27111188 and 364.
52
Calculate the highest common divisor of 4638 and 3898039566.
4638
Calculate the greatest common divisor of 506971 and 2257.
61
Calculate the greatest common divisor of 29799518 and 23536.
2942
Calculate the highest common divisor of 60 and 170237920.
20
Calculate the greatest common factor of 74 and 2520249154.
74
Calculate the greatest common divisor of 258953452 and 136.
68
Calculate the greatest common factor of 190676885 and 611.
47
Calculate the greatest common factor of 23423020 and 1691.
89
What is the greatest common divisor of 34945 and 73505?
1205
What is the greatest common divisor of 5944 and 360178909?
743
What is the highest common factor of 190137 and 277413?
3117
What is the greatest common factor of 100804 and 684772?
3476
Calculate the highest common factor of 93351 and 45040248.
3219
What is the greatest common divisor of 119 and 42806561?
119
What is the greatest common factor of 316932 and 2010932?
308
What is the highest common divisor of 103552 and 21376?
128
Calculate the greatest common factor of 89082 and 3528.
882
Calculate the greatest common divisor of 1443 and 8185671.
39
What is the